{"id":44,"date":"2022-02-13T15:26:32","date_gmt":"2022-02-13T13:26:32","guid":{"rendered":"http:\/\/www.outimietala.fi\/?page_id=44"},"modified":"2025-10-12T09:31:45","modified_gmt":"2025-10-12T06:31:45","slug":"cv","status":"publish","type":"page","link":"https:\/\/www.outimietala.fi\/?page_id=44","title":{"rendered":"CV"},"content":{"rendered":"\n<p><strong>CURRICULUM VITAE<\/strong> <br>Outi Maarit Mietala <br><br><strong>TAIDEOPINNOT:<\/strong><br>Tampereen ammattikorkeakoulu: kuvataiteilija (AMK) 2002-2004 <br>Pekka Halosen Akatemia: Kuvataiteen erikoisammattitutkinto 2000-2002 <br>Pekka Halosen Akatemia: Kuvataiteen ammattitutkinto 1999-2000 <br><br><strong>J\u00c4SENYYDET: <\/strong><br>Hyvink\u00e4\u00e4n Taiteilijaseura ry <br>J\u00e4rvenp\u00e4\u00e4n Taideseura ry <br>Pornaisten Kuvataiteilijat Part ry<br>Suomen Kuvataidepsykoterapia ry<br> <br><strong>TULEVAT N\u00c4YTTELYT:<\/strong> <br>Hamina, kirjaston galleria 2025<br>Kouvola, Kuusankoskitalon galleria 2026<br>Tuusula, Gustavelund 2026<\/p>\n\n\n\n<p><strong>YKSITYISN\u00c4YTTELYT: <\/strong><br><em>Veden uni<\/em>, J\u00e4rvenp\u00e4\u00e4n Taidetalon galleria, Outi Turtiaisen kanssa eri tiloissa, J\u00e4rvenp\u00e4\u00e4 2021<br><em>Kaupunkin\u00e4kymi\u00e4,<\/em> Hyvink\u00e4\u00e4n kaupunginkirjasto Hyvink\u00e4\u00e4 2017 <br><em>Parantavassa puutarhassa,<\/em> Hyvink\u00e4\u00e4n Taiteilijaseuran Promenadigalleria Hyvink\u00e4\u00e4 2014 <br><em>Kuu ja tuulet,<\/em> Vuotalon galleria Helsinki 2012 <br><em>Kupla virrassa, salaman leimahdus suvipilvess\u00e4,<\/em> Kulmagalleria Helsinki 2011 <br><em>Hiljaista liikett\u00e4,<\/em> Gardenian galleria Helsinki 2009<br><em>Lauluja muutoksesta<\/em>, Portait Porin taiteilijaseuran galleria Pori 2006 <br><em>Vesi, kivi ja kolmirinta, <\/em>Galleria Laterna Magica Helsinki 2001 <br><em>Lumikki,<\/em> Mikkelin taidemuseo, Mikkeli 2005 (Toini Sepp\u00e4sen kanssa)<br><em>Lumikki,<\/em> Lasten ja nuorten Taidekeskus Hyvink\u00e4\u00e4 2005 (Toini Sepp\u00e4sen kanssa)<br><em>Lumikki<\/em>, Annantalo Helsinki 2005 (Toini Sepp\u00e4sen kanssa)<br><br><strong>YHTEISN\u00c4YTTELYT<\/strong>: (Suomen Taiteilijaseuran j\u00e4senen jyrytt\u00e4m\u00e4t)<br><em>Onko t\u00e4m\u00e4 unta<\/em>, Hyvink\u00e4\u00e4n Taiteilijaseura ry:n juhlan\u00e4yttely, Promenadigalleria 2015<br>J\u00e4rvenp\u00e4\u00e4n Taideseuran vuosin\u00e4yttely, J\u00e4rvenp\u00e4\u00e4-talo 2024<br><em>Maiseman s\u00e4vel,<\/em> J\u00e4rvenp\u00e4\u00e4n Taideseuran kes\u00e4n\u00e4yttely J\u00e4rvenp\u00e4\u00e4n Taidetalo 2023<br>J\u00e4rvenp\u00e4\u00e4n Taideseuran vuosin\u00e4yttely, J\u00e4rvenp\u00e4\u00e4-talo 2023<br>J\u00e4rvenp\u00e4\u00e4n Taideseuran vuosin\u00e4yttely, J\u00e4rvenp\u00e4\u00e4-talo 2022<br>J\u00e4rvenp\u00e4\u00e4n Taideseuran vuosin\u00e4yttely, J\u00e4rvenp\u00e4\u00e4-talo 2021<br><em>Vaihton\u00e4yttely<\/em> Vantaan \/ J\u00e4rvenp\u00e4\u00e4n Taiteilijaseurat, Galleria Gjutars, Tikkurila 2021 <br><em>Kuu taiteesta kes\u00e4\u00e4n,<\/em> J\u00e4rvenp\u00e4\u00e4n Taidetalo, J\u00e4rvenp\u00e4\u00e4 2021 <br><em>Viiden visiitti,<\/em> Uudenmaan kuvataidej\u00e4rjest\u00f6jen liitto ry. T\u00e4rin\u00e4-galleria Riihim\u00e4ki 2020 <br><em>Fauna,<\/em> Hyvink\u00e4\u00e4n Taiteilijaseura ry Suomen Mets\u00e4stysmuseo Riihim\u00e4ki 2018 <br><em>Uuden maan kuvat,<\/em> Uudenmaan kuvataidej\u00e4rjest\u00f6jen liitto Kaapelitehdas Hki 2016 <br><em>N\u00e4kym\u00e4,<\/em> Galleria T\u00e4rin\u00e4 Uudenmaan kuvataidej\u00e4rjest\u00f6 Riihim\u00e4ki 2015 <br><em>Pisaroita,<\/em> Hovinkartanon kes\u00e4n\u00e4yttely H\u00e4meenlinna 2015 <br><em>Matkalle, Matkalla, Matkalta<\/em> Hyvink\u00e4\u00e4n Taiteilijaseura Hyvink\u00e4\u00e4 2012 <br><em>Hyv\u00e4\u00e4 ilmaa,<\/em> Hyvink\u00e4\u00e4n Taiteilijaseuran n\u00e4yttely Galleria Uusikuva Kotka 2010 <br><em>Pieni\u00e4 iloja,<\/em> Hyvink\u00e4\u00e4n Taiteilijaseuran Promenadigalleria Hyvink\u00e4\u00e4 2009 <br><br><strong>RYHM\u00c4N\u00c4YTTELYT: <\/strong> <br><em>Ilmestyksi\u00e4,<\/em> Haminan p\u00e4\u00e4kirjaston galleria, Hamina 2025<br><em>Luonnon lumoa, suven kauneutta<\/em>, Kyl\u00e4talon galleria, Part ry, Iitti 2025<br>Lahan mylly, Pornaisten kuvataiteilijat, Part ry 2025, Pornainen<br><em>Val\u00f6\u00f6rit ja v\u00e4rien varjot,<\/em> Porkkalasali, Fyyri, Kirkkonummi 2024, <br><em>Taikay\u00f6,<\/em> J\u00e4rvenp\u00e4\u00e4n Taidetalon galleria 2024,<br><em>Hohtaa, kiilt\u00e4\u00e4, kimmelt\u00e4\u00e4,<\/em> Tytyrin El\u00e4myskaivos, Lohja, 2024 <br><em>Ihana kes\u00e4,<\/em> Iitin kyl\u00e4talo, Iitti 2024<br><em>Alkuvoimia,<\/em> Promenadigalleria, Hyvink\u00e4\u00e4 2024<br><em>Alkuvoimia<\/em>, Raision kaupungintalon galleria 2023<br><em>Toinen maailma<\/em>, Galleria Theodor, Loviisa, 2023<br><em>Unilaulujen j\u00e4lkeen,<\/em> Iitin kyl\u00e4talo, Iitti 2023 <br><em>Tihentymi\u00e4,<\/em> Samuli Parosen sali, Riihim\u00e4ki, 2023 <br><em>Veden muotoja,<\/em> Vintti -galleria, Str\u00f6mforsin Ruukki, Ruotsinpyht\u00e4\u00e4 2022<br><em>Enteit\u00e4 ja aavistuksia<\/em>, Iitin kyl\u00e4talo, Iitti 2022<br><em>Enteit\u00e4 ja aavistuksia,<\/em> Loviisan taidekeskus Loviisa 2021 <br><em>Matkalla,<\/em> Iitin kyl\u00e4talo Iitti 2021 <br><em>Elokuu on toivoa t\u00e4ynn\u00e4,<\/em> Hangon kaupungingalleria Hanko 2020 <br><em>Uusia mahdollisuuksia<\/em>, Ryhm\u00e4 Feeniks J\u00e4rvenp\u00e4\u00e4n Taidetalo J\u00e4rvenp\u00e4\u00e4 2020 <br><em>V\u00e4reily\u00e4, <\/em>Art Point Crusell Uusikaupungin galleria Uusikaupunki 2019 <br><em>Helmeily\u00e4,<\/em> Art Point Kanneltalon galleria Helsinki 2019 <br><em>Ihana valo,<\/em> Vanhankyl\u00e4n kartano J\u00e4rvenp\u00e4\u00e4 2018 <br><em>In Touch \/ Yhteydess\u00e4,<\/em> Art Point ry Galleria V2 Ruotsinpyht\u00e4\u00e4 2018 <br><em>Taidemarkkinat,<\/em> Hyvink\u00e4\u00e4n Taiteilijaseura Promenadigalleria Hyvink\u00e4\u00e4 2018<br><em> Valo ja varjo, <\/em>Suomen Kuvataidepsykoterapia ry H\u00e4meenlinnan maakunta-arkisto 2018 <br><em>Y\u00f6n puutarha,<\/em> Galleria 2 Pirkkala 2018 <br><em>Kev\u00e4ttarinoita,<\/em> Varikko-galleria Sein\u00e4joki 2018 <br><em>\u00d6isi\u00e4 n\u00e4kyj\u00e4,<\/em> Promenadigalleria Hyvink\u00e4\u00e4 2017 <br><em>Minun uskoni,<\/em> Hyvink\u00e4\u00e4n Uusi kirkko Hyvink\u00e4\u00e4 2017 <br><em>Y\u00f6tarinoita,<\/em> J\u00e4rvenp\u00e4\u00e4n kaupungintalon galleria J\u00e4rn\u00e4tti J\u00e4rvenp\u00e4\u00e4 2017 <br><em>Y\u00f6tarinoita,<\/em> Hangon kaupungingalleria Hanko 2016 <br><em>Embodied Eyes,<\/em> Kulttuurikeskus Sofian galleria Hki 2016 <br><em>Kaiken keskell\u00e4<\/em>, Galleria Uusikuva Kotka 2011 <br><em>Kaiken keskell\u00e4<\/em>, Pieks\u00e4m\u00e4en kaupungin kulttuurikeskus Pieks\u00e4m\u00e4ki 2011 <br><em>Kaiken keskell\u00e4,<\/em> Porvoon Taidehalli 2010  <br><em>Risteyksi\u00e4,<\/em> Haiharan taidekeskus Tampere 2005  <br><em>Mittumaari,<\/em> Raision kaupungin taidemuseo Harkko Raisio 2004 <br><em>Kukkii sananjalka, v\u00e4lkehtii aarnivalkia<\/em>, Lasten ja nuorten taidekeskus Hyvink\u00e4\u00e4 2003<br><em>Maasta, vedest\u00e4, <\/em>Galleria Piazza, Heinola 2002<br><em>Herkkyysrakkaus<\/em>, Taidetehdas Porvoo 2002 <br><em>Luontoaika,<\/em> K\u00e4ss\u00e4ntalo, Lohja 2002<br><br><strong>JULKISET TEOKSET: <\/strong><br>Kiljavan opisto, JHL <br><br><strong>APURAHAT:<\/strong> <br>Alfred Kordelinin s\u00e4\u00e4ti\u00f6 Hyvink\u00e4\u00e4n kaupunkirahasto 2005 <br>Kansan sivistysty\u00f6n rahasto Uudenmaan rahasto 2004 <br>Kalevalan Korun S\u00e4\u00e4ti\u00f6 (Naistaiteilijaryhm\u00e4 Viides) 2002 <br><br><strong>MUUT TAIDEOPINNOT: <\/strong><br>Kuvataidepsykoterapian perusteet (30 op) Suomen Mielenterveysseura ja Suomen kuvataideterapeuttien liitto 2008-2009 <br>Valokuvataiteen erikoistumisopinnot (71 op) Lahden Taideinstituutti 2004-2006 <br>Hyvink\u00e4\u00e4n Taidekoulu: 2-vuotinen iltalinja 1997-1999 <br>Ekspressiivinen taideterapia Hyvink\u00e4\u00e4n kansalaisopisto1996-1997<\/p>\n","protected":false},"excerpt":{"rendered":"<p>CURRICULUM VITAE Outi Maarit Mietala TAIDEOPINNOT:Tampereen ammattikorkeakoulu: kuvataiteilija (AMK) 2002-2004 Pekka Halosen Akatemia: Kuvataiteen erikoisammattitutkinto 2000-2002 Pekka Halosen Akatemia: Kuvataiteen ammattitutkinto 1999-2000 J\u00c4SENYYDET: Hyvink\u00e4\u00e4n Taiteilijaseura ry J\u00e4rvenp\u00e4\u00e4n Taideseura ry Pornaisten Kuvataiteilijat Part rySuomen Kuvataidepsykoterapia ry TULEVAT N\u00c4YTTELYT: Hamina, kirjaston galleria 2025Kouvola, Kuusankoskitalon galleria 2026Tuusula, Gustavelund&nbsp;&hellip;<\/p>\n","protected":false},"author":1,"featured_media":0,"parent":0,"menu_order":5,"comment_status":"closed","ping_status":"closed","template":"template-full.php","meta":{"footnotes":""},"class_list":["post-44","page","type-page","status-publish","hentry"],"_links":{"self":[{"href":"https:\/\/www.outimietala.fi\/index.php?rest_route=\/wp\/v2\/pages\/44","targetHints":{"allow":["GET"]}}],"collection":[{"href":"https:\/\/www.outimietala.fi\/index.php?rest_route=\/wp\/v2\/pages"}],"about":[{"href":"https:\/\/www.outimietala.fi\/index.php?rest_route=\/wp\/v2\/types\/page"}],"author":[{"embeddable":true,"href":"https:\/\/www.outimietala.fi\/index.php?rest_route=\/wp\/v2\/users\/1"}],"replies":[{"embeddable":true,"href":"https:\/\/www.outimietala.fi\/index.php?rest_route=%2Fwp%2Fv2%2Fcomments&post=44"}],"version-history":[{"count":15,"href":"https:\/\/www.outimietala.fi\/index.php?rest_route=\/wp\/v2\/pages\/44\/revisions"}],"predecessor-version":[{"id":565,"href":"https:\/\/www.outimietala.fi\/index.php?rest_route=\/wp\/v2\/pages\/44\/revisions\/565"}],"wp:attachment":[{"href":"https:\/\/www.outimietala.fi\/index.php?rest_route=%2Fwp%2Fv2%2Fmedia&parent=44"}],"curies":[{"name":"wp","href":"https:\/\/api.w.org\/{rel}","templated":true}]}}